 Let q be m(4). Let z be 1/(q/14 + 2). Suppose -22 = -5*u - z. Determine b(u).
-6
Let p(r) = -5*r**2 - 2*r + 20. Let h(f) = -2*f**2 - f + 7. Let t be (1/(-3))/(5/45). Let n(m) = t*p(m) + 8*h(m). Let a be 51/(-15) + 4/10. Determine n(a).
-7
Let f(c) be the third derivative of c**4/24 + c**3/6 - 8*c**2 - 5. Give f(-20).
-19
Let v(x) = 7 - 10 - x**2 + 10*x - 14*x. Let s = 293 + -295. What is v(s)?
1
Let o(s) = -s**3 + 9*s**2 - 4*s - 11. Let j(x) = -x**2 + 21*x - 12. Let d be j(20). What is o(d)?
21
Let n(m) be the second derivative of m**4/12 - 5*m**3/6 + 5*m**2/2 - 14*m. Let a(j) = -9*j + 6. Let w be a(0). Give n(w).
11
Let j be 14/60*(-120)/(-560). Let z(k) be the second derivative of 1/12*k**4 + 1/3*k**3 - j*k**5 + 0 - 1/2*k**2 + 4*k. Give z(-2).
7
Let a(w) = w**3 + 3*w**2 - 5*w + 3. Suppose 0 = 4*f + u + 11, -f - 5*u + 29 = -2*f. Determine a(f).
7
Let b(g) = 2*g**2 - g**2 - g + 0*g**2 + 2. Let k be 54/15 - 4 - (-44)/10. Suppose k*y + 4*p - 4 = 0, 5*y + 3*p - p - 11 = 0. What is b(y)?
8
Let u(r) = r**3 - r**2 - 2. Suppose -4*t = 5*h - 5*t - 15, 2*h - 6 = 4*t. Suppose -h*k = -3*k - 2*k. Give u(k).
-2
Let s(f) be the third derivative of -1/6*f**4 + 0*f + 5*f**2 + 0 + 1/30*f**5 - 2/3*f**3. Let c(u) be the first derivative of s(u). Calculate c(3).
8
Let k(b) = b**3 - 5*b**2 + 3*b + 5. Let s = 93 - 132. Let m = s + 62. Let o = m - 19. Determine k(o).
1
Suppose -2*i + 7 = -l, 4*l + l - 3*i = -14. Let q(s) = -9*s**2 - 4*s - 2. What is q(l)?
-7
Let n(g) be the third derivative of -g**5/60 - 5*g**4/12 + 5*g**3 - 37*g**2. Determine n(-12).
6
Let d(j) = -j**2 + 8*j - 9. Suppose 4*k = -3*q + 160, -k + 0 - 65 = -q. Suppose -4*v - q = -14*v. Calculate d(v).
3
Let u(c) = -c**3 + 8*c**2 - 5*c + 3. Let k be u(8). Let m = 38 + k. Let r(f) = 9*f**2 - f + 1. What is r(m)?
9
Let g(z) be the second derivative of z - 1/2*z**2 + 0 - 1/6*z**3. Give g(2).
-3
Let v(p) = p**3 - 4*p**2 - 4*p. Suppose 5*l - d + 4*d - 20 = 0, 4*l - 4*d - 16 = 0. Suppose n = -l*n - 140. Let r = n + 33. Give v(r).
5
Let v(n) = n**2 - n - 9. Let r be (-8)/(-2) + (-10 - -10). Let d(j) = j**2 - j - 9. Let z(s) = r*v(s) - 5*d(s). Give z(0).
9
Let c(f) = f**2 + 21*f + 5. Let n be c(-21). Let r(v) = -v**2 + 5*v + 6. What is r(n)?
6
Let v(h) = -h**2 + 11*h + 91 - h**2 + h**2 - 98. What is v(9)?
11
Let o(w) = 3*w + 13 + 15 + 12 - 49. Suppose g + 2*g - 18 = 0. Calculate o(g).
9
Suppose -92 = -5*i - 77. Let q(d) = -d**3 + 4*d**2 - 3*d + 2. Calculate q(i).
2
Let m be 2/(-11) + 200/(-110). Let u be -2 + 3 - (-1 + m). Suppose -4*l = u, -b - 9 = 5*l + 2. Let z(q) = -2*q - 1. Calculate z(b).
11
Let y(d) = 11*d**3 - 6*d**2 + 2*d + 3. Let q(b) = -10*b**3 + 5*b**2 - 2*b - 2. Let g(f) = -4*q(f) - 3*y(f). Let w = 52 - 137. Let a = 86 + w. Give g(a).
6
Let v = 1027 + -1027. Let u(d) be the second derivative of -3*d**2 - 7/6*d**3 - 1/12*d**4 + v - 5*d. Give u(-7).
-6
Let l be (-7)/((-28)/8) + 62. Let q be (3/2)/((-12)/l). Let v(g) be the third derivative of g**6/120 + 7*g**5/60 - 7*g**4/24 + 4*g**3/3 - 30*g**2. Give v(q).
0
Let d(j) = -9*j + 4. Let o(g) = -8*g + 3. Let x(i) = 5*d(i) - 4*o(i). Let m(c) = 5*c - 3. Let t(q) = -8*m(q) - 3*x(q). Calculate t(0).
0
Let z(n) = n + 7. Let w be z(-6). Let i(t) = t**2 - t + 1. What is i(w)?
1
Let l(t) = t**3 + 6*t**2 - 3*t + 6. Suppose 5*d - 5*x = -45, -5 = -8*d + 9*d + x. Give l(d).
-22
Let a(t) = t**3 + 5*t**2 + 3*t + 1. Let v be 3 + (0/(-3))/(-4). Suppose -5*d - 2 = -12. Let h be d/v - 14/3. Calculate a(h).
5
Let p(i) be the third derivative of -5/24*i**4 + 0 + 15*i**2 + 0*i + 0*i**3 + 1/60*i**5. Determine p(4).
-4
Let b = -60 + 53. Let h(g) = 0 + 354*g - 355*g - 10. Give h(b).
-3
Let w be ((-6)/8)/((-5)/(-20)). Let i(b) = -11*b**3 - 4*b**2 - 14*b + 3. Let m(t) = 4*t**3 + t**2 + 5*t - 1. Let u(d) = 3*i(d) + 8*m(d). Give u(w).
-2
Let d(z) = -z + 2. Let r(j) = -j**2 - j - 10. Let b be r(0). Let q = b - -13. Let h = q - 5. Determine d(h).
4
Let f(o) = -3*o - 7. Let i(g) = -4*g - 11. Let m(d) = -7*f(d) + 5*i(d). Suppose 11*l = 9*l + 12. Calculate m(l).
0
Let f(r) = -2*r**3 - 5*r**2 + 5*r + 1. Let b(w) = 5*w - 23. Let p be b(4). Let q be f(p). Let y(l) = l**3 + 5*l**2 + 2*l + 1. Calculate y(q).
-9
Let l be (-7 + 4)*(-2)/(-1). Let u(i) = -6*i + 8. Let a(c) = 2*c - 3. Let h(m) = l*u(m) - 17*a(m). Determine h(-3).
-3
Let s(n) = 12 + n**3 + n**3 - 3*n**3 - 13 - n**2. Determine s(-1).
-1
Let q(o) = -6*o + 9*o**2 + 5 + 3 + 0*o**3 + 6*o - 10*o - o**3. Calculate q(8).
-8
Let t(o) = o**3 + 5*o**2 + 4*o - 5. Let u be t(-3). Let n(a) = -6*a**2 + 2*a. Let j(q) = q**2 + 1. Let i(h) = u*n(h) + 5*j(h). What is i(4)?
-3
Let d(k) = -k + 10. Let w = 38 + -34. Suppose -5*h - 48 = a - 17, -8 = w*h + 5*a. Determine d(h).
17
Let l(k) be the first derivative of -k**2/2 + 17*k + 47. Suppose 4*d - 5*d = 0. What is l(d)?
17
Suppose -6*u + 78 = -0*u. Let g(j) = j**3 - 12*j**2 - 14*j + 11. What is g(u)?
-2
Let w(o) = 11669*o - 5836*o - 5835*o. Determine w(-2).
4
Let d(l) be the first derivative of -l**4/4 + 5*l**3/3 + l**2 - 4*l + 57. Determine d(5).
6
Suppose -4 = -d, 4*k - 3*d - 32 = -8*d. Let y = -28 - -30. Let z(o) = 2 - 3*o + 9*o**k + 6*o**y - 2*o - 10*o**3. Give z(5).
2
Let h be 45/(-27)*72/(-20). Let r(v) be the third derivative of 0*v - 1/24*v**4 + 1/2*v**3 - 1/60*v**5 + 4*v**2 + 1/120*v**h + 0. Calculate r(0).
3
Let k be (1 - 8/6)/((-162)/(-2916)). Let r(s) = -7*s - 47. What is r(k)?
-5
Suppose n - 12 = -n. Suppose -2*j - n = 0, -4*j = -3*v + 8 + 7. Let t(p) = 6*p**2 + 0 + 0*p - 2*p + 16*p**3 - 4*p**2 + 1. Determine t(v).
17
Let h(d) = d**3 - 2*d**2 - 3*d - 4. Let i be 4*(-2 + 15/6). Suppose -2*x = -5*t + 17, 0 = i*x - 5*x + 3*t - 3. What is h(x)?
16
Let r(j) = 4*j**2 + 17*j. Let q(p) = 11*p**2 + 49*p + 2. Let y(v) = 3*q(v) - 8*r(v). Determine y(-4).
-22
Let g(v) be the second derivative of 5/6*v**3 + 0*v**2 + 1/24*v**4 + 0 - 1/120*v**5 + v. Let m(d) be the second derivative of g(d). Determine m(3).
-2
Let c(x) = 3*x**2 - 3*x**2 - 2*x**2 - 7. Give c(-5).
-57
Let k(x) = 2*x + 4. Let v = 127 + -134. Determine k(v).
-10
Let d(z) = z**3 + z**2 - z + 1. Let x(p) = -4*p**3 - 4*p**2 + 4*p - 7. Let f(w) = 6*d(w) + x(w). What is f(-2)?
-5
Suppose 13*b = 11*b + 8. Let f(m) = 6*m - 4 + 6 - 2*m**2 - 5 + 1. What is f(b)?
-10
Let k be (-2 + (-10)/(-1))*(-141)/(-282). Let b(o) = 4*o**2 - 4*o - 5. Determine b(k).
43
Let o(d) = 4 + 4*d**2 - 6*d**3 + 5*d + 7*d**3 + d - 8*d. What is o(-4)?
12
Let y(v) = -9 + 61*v - 6 + 59*v - 124*v. Calculate y(-6).
9
Let o(k) = k - 2. Let n(a) = -a + 1. Let x(r) = 5*n(r) + 3*o(r). Let d(g) = -3*g + 80. Let b be d(25). Suppose b*h = -5*y + 3*y - 11, -y + 1 = -4*h. Give x(y).
5
Let i(y) = -y**2 + 6*y - 5. Let u be (-15)/6*(-3 - -1). Let h be i(u). Let k(m) be the first derivative of m**2/2 - 5*m + 2. Calculate k(h).
-5
Suppose 12 = n - 5*n. Let r(m) be the third derivative of -m**5/30 - m**4/8 + m**3/6 + 431*m**2 - m. What is r(n)?
-8
Let r(h) be the first derivative of -3*h**4/2 + 7*h**3 - 5*h**2 - 6*h + 6. Let n(v) = -v**3 + 4*v**2 - 2*v - 1. Let o(t) = 11*n(t) - 2*r(t). Determine o(-3).
-2
Let i(f) = -f - 17. Suppose -144 - 711 = 45*a. Determine i(a).
2
Suppose -7*v - 70 = -12*v. Let r = 14 - v. Suppose 5*n + r*w - w + 20 = 0, 4*n + w + 7 = 0. Let y(o) = 2*o**2 + 3*o - 1. Give y(n).
8
Let q(d) = 169 + d**2 + 0*d**2 - 23*d + 5*d - 173. Give q(18).
-4
Suppose -3*d = -70 + 55. Let z(v) = v + 1. Give z(d).
6
Let k(g) = 16*g**2 - 3*g - 6. Let p(q) = 3*q**2. Let v(c) = k(c) - 5*p(c). Calculate v(-4).
22
Let i(d) = -37. Let s(l) = -l - 5. Let j(n) = i(n) - 6*s(n). Determine j(-1).
-13
Let d(c) = -10*c**3 + 14 + 14 - 2*c**2 - 27. Calculate d(-1).
9
Suppose -5*w - 32 = 3*c - c, -w = 5*c + 11. Let s be (w/(-5))/((-2)/(-10)). Let k(a) = a**2 + a**3 - 148 - 7*a**2 - 149 + 292. Give k(s).
-5
Let u(r) = 0*r + 4 - r + 0*r. Let c be 4/26 + -9*7/(-13). Give u(c).
-1
Let v(l) = -2 - 9 + 7*l**3 - 5*l**3 - 3*l**3 - 4. Give v(0).
-15
Suppose -4*i = -3*o - 7, o = -2*i - 0 + 1. Let y(p) = -5 + 5*p**2 - 7 + 21 - 8. Determine y(o).
6
Let v(y) = 4*y**2 - y. Let s be v(1). Let r(u) = u - 3. Let d be r(s). Let m(p) = -p - 17. Calculate m(d).
-17
Let n(t) = -3*t - 11. Let y = 954 - 962. What is n(y)?
13
Let o(m) be the first derivative of m**5/60 + m**4/12 + 41*m**2/2 + 19. Let s(l) be the second deriv